= 3 + 1. What is the remainder when b is divided by y?
0
Let s(x) = -2*x + 3. Let k = 27 - -15. What is the remainder when k is divided by s(-6)?
12
Suppose -3*r + 4*r = 9. Suppose a - 8 = -b, 5*a = -b + 3*b + 12. What is the remainder when r is divided by b?
1
Let n(s) = -s**3 + 6*s**2 + 2*s + 2. Let z be n(6). Suppose -z = x - 2*x. What is the remainder when x is divided by 5?
4
Suppose -4*h + 5 = -35. Suppose 2*t - h = 40. What is the remainder when t is divided by 7?
4
Let d be (6/(-5))/((-33)/2750). Suppose 5*u - 60 = d. Calculate the remainder when u is divided by 11.
10
Let z(r) = -r**2 + 2*r + 7. What is the remainder when 12 is divided by z(0)?
5
What is the remainder when 19 is divided by (-2)/((-4)/18) + -4?
4
Suppose 0 = 4*b - 7 + 67. Let o = 0 - b. What is the remainder when o is divided by 8?
7
Let m = 28 - 15. Let x(z) = -z - 1. Let j be x(-4). Suppose -4*i + 8*c - 4 = 4*c, -c - 7 = -j*i. Calculate the remainder when m is divided by i.
1
Let c = 45 - 31. Calculate the remainder when 37 is divided by c.
9
Let i(h) be the third derivative of 2*h**2 + 0*h + 0 - 1/6*h**3 - 5/6*h**4. Calculate the remainder when 36 is divided by i(-1).
17
Let w = 72 - 45. Calculate the remainder when 77 is divided by w.
23
Let r(p) = -p**2 + 8*p + 5. Let m = 32 - 9. Calculate the remainder when m is divided by r(8).
3
What is the remainder when 51 is divided by 2 - (4 - 2)*-8?
15
Let h(a) = 14*a - 10. Let w(i) = 5*i - 3. Let b(f) = 4*h(f) - 14*w(f). Calculate the remainder when b(-2) is divided by 16.
14
Suppose -3*r - 15 = -6*r. Suppose -4*y + 3*y = -r*w + 1570, w - 290 = 5*y. Suppose -4*l = 103 - w. Calculate the remainder when l is divided by 18.
17
Suppose 4*u - 246 = t - 6*t, 0 = -2*t - 4*u + 108. What is the remainder when 137 is divided by t?
45
Let a = 3 + -3. Suppose a*l - 10 = h + 3*l, -5*l - 40 = -3*h. Suppose h*q - 174 = -49. Calculate the remainder when q is divided by 7.
4
Suppose -3*n + 0 = -2*x + 3, 3*x - 3*n - 6 = 0. What is the remainder when x is divided by 2?
1
Let h(o) = o**2 - o + 2. What is the remainder when 39 is divided by h(3)?
7
Suppose 0 = -2*o - 12. Let f = 31 + -12. What is the remainder when f is divided by (0 - -1)*(-42)/o?
5
Suppose 0 = 5*x - 2*j - 15, -4*x + 2*j + 5 = -j. Let k(h) = 2*h**2 + 6*h + 1. What is the remainder when k(-4) is divided by x?
4
Suppose 3*l + 0*l = -9. Let r be (75/9)/(1/l). Let g = -13 - r. Calculate the remainder when g is divided by 7.
5
Let u = -5 + 8. Suppose 0 = -4*n - u + 15. Let g(o) = o + 12. What is the remainder when g(-5) is divided by n?
1
Let z = 11 - 21. Calculate the remainder when 54 is divided by (-142)/z + 9/(-45).
12
Calculate the remainder when 43 is divided by 26 + 2 - (-6 + 8).
17
Suppose -5*w - 26 = 24. Calculate the remainder when 20 is divided by (14 + 0)*(-5)/w.
6
Let i(f) = -f**3 - 9*f**2 - 2*f - 5. Let t be i(-9). What is the remainder when 25 is divided by t/1 - (-1 + 1)?
12
Let a be (3/(-6))/((-3)/18). Let i = a + -1. Calculate the remainder when 3 is divided by i.
1
Let t = -100 + 123. What is the remainder when t is divided by 14?
9
Let i(a) = 9*a + 17. Calculate the remainder when 208 is divided by i(4).
49
Let c(s) = 0*s**2 + 3*s + s**2 + 4 - 12*s. Let d = 0 + 9. Calculate the remainder when 11 is divided by c(d).
3
Let u be (7/(-2))/(4/(-24)). Let j be 12/7 - (-6)/u. Suppose f + j*x - 24 = -4*f, -5*x - 2 = -3*f. What is the remainder when 10 is divided by f?
2
Let o = -15 + 11. Let l = 6 + o. Suppose 4*z = 4*i - 32, 0 = -i - l*z - 4. What is the remainder when i is divided by 2?
0
Calculate the remainder when 77 is divided by 25*(1 - 3/15).
17
Suppose -4*h = -4*x + 108, -167 = -5*x - 3*h - 64. Calculate the remainder when 63 is divided by x.
17
Suppose -3*a - 49 = -10*a. Calculate the remainder when 21 is divided by a.
0
Suppose c - 30 = -4*c. Let h = c + 3. Suppose 0 = -j + 2*j - 26. What is the remainder when j is divided by h?
8
Suppose 0 = 5*t + 2*p - 80, 3*p - 7*p = 0. Suppose -3*k = l - 2*k - t, -4*k + 75 = 5*l. Calculate the remainder when 41 is divided by l.
8
Calculate the remainder when 111 is divided by 3/6 - (-275)/10.
27
Let u = 38 - 19. Let d = u + -7. Calculate the remainder when 45 is divided by d.
9
Let u = -5 + 9. Let p(c) = 3*c**2 - 4*c + 3. Calculate the remainder when p(u) is divided by 12.
11
Let s = -8 - -11. Suppose 45 = s*l - 33. Calculate the remainder when l is divided by 14.
12
Let f be (-8)/12 + 958/6. What is the remainder when 24 is divided by (-3)/12 + f/12?
11
Let q = 12 + -43. Calculate the remainder when (3 - (6 + -2))*q is divided by 11.
9
Let v(l) = -36*l + 1. What is the remainder when v(-2) is divided by 15?
13
Suppose -3*i + 4*o - 322 = 0, i - o - 3*o = -102. Calculate the remainder when 25 is divided by (-3)/18 - i/12.
7
Let g be (-4)/(-10) + (-4)/10. Suppose g = -3*z - 3*q + 4*q + 85, 0 = -4*z - 3*q + 122. Calculate the remainder when z is divided by 10.
9
Let j(d) = d**3 + 6*d**2 + 5*d. Suppose -4*m - 3*n + 175 = m, -5*m + n = -175. What is the remainder when m is divided by j(-4)?
11
Suppose 2*h + 0 - 21 = -s, -s = -3*h - 11. Calculate the remainder when 100 is divided by s.
15
Let b = 200 - 113. What is the remainder when b is divided by 18?
15
Let s(f) = f**2 + f - 1. Let v be s(-2). Suppose b = 1 + v. Suppose b*j = 4 - 0. Calculate the remainder when j is divided by 2.
0
Let t(p) = 3*p**2 - 11*p - 1. Calculate the remainder when 17 is divided by t(4).
2
Suppose 5*r - 5*o - 18 = 2, 2*r - 8 = 4*o. Let j(i) = -2 + 4*i - r*i - 2*i. Calculate the remainder when j(-5) is divided by 3.
2
Suppose -g - 2*j = -47, -2*j = 4*g + 83 - 259. Let q = 8 - -7. What is the remainder when g is divided by q?
13
Suppose 0*n = 2*n + 5*b - 52, 0 = -3*n + 3*b + 99. What is the remainder when n is divided by 21?
10
What is the remainder when 9 + 26 + -4*1 is divided by 8?
7
Let i(y) be the second derivative of y**3/6 - 3*y**2 + 5*y. What is the remainder when i(8) is divided by 1?
0
Let t = -56 - -122. Calculate the remainder when t is divided by 30.
6
Let j be (-75)/(21/(-6) - -2). Suppose -j = 4*b - 9*b - 4*c, b - c - 19 = 0. Let r = b + 0. Calculate the remainder when 41 is divided by r.
13
Let d(g) = 3*g**3 - g. Let y be 2*(-2)/4*-2. What is the remainder when d(y) is divided by 12?
10
Suppose 4*i = -22 + 242. Let x be (-4)/(-14) - (-524)/28. Suppose -x = -0*b - b. Calculate the remainder when i is divided by b.
17
Let d(x) = x - 4. Let y be d(0). Let k = y - -20. What is the remainder when 1165/25 + 4/10 is divided by k?
15
Let y(k) = -k**3 - 6*k**2 - 6*k - 4. Let o be y(-5). Let i be ((-2)/o)/((-4)/(-6)). What is the remainder when 12 is divided by 10 + (i - -1) + -1?
5
Let u(g) = 77*g. Calculate the remainder when u(1) is divided by 16.
13
Let z = -28 + 11. Let x = z - -26. Let o(c) = 2*c + 49. What is the remainder when x is divided by o(-22)?
4
Let c = -28 + 32. What is the remainder when 6 is divided by c?
2
Suppose -3*c - 5 = -20. Calculate the remainder when c is divided by 2.
1
Let b = 183 - 132. Calculate the remainder when b is divided by 13.
12
Suppose -u - 7 = -5*z + 2*u, 3 = 4*z - 5*u. Suppose 0 = j - z - 15. Calculate the remainder when 32 is divided by j.
15
Suppose -4*n - 2*f = -174, -2*n - n - 2*f = -133. Calculate the remainder when n is divided by 11.
8
Let y = 26 + 41. What is the remainder when y is divided by 23?
21
Let m be 14/91 - 1166/(-26). Let t = -27 + m. Calculate the remainder when 51 is divided by t.
15
Let t = 30 - 77. Let w be ((-316)/2)/((-8)/4). Let s = w + t. What is the remainder when s is divided by 11?
10
Let g = -20 - -13. Let w be 6/(-27) + g/9. Calculate the remainder when 16 is divided by (14/(-2))/w + 2.
7
Let u = 2 + -1. Suppose 0*l + 3*l = -18. What is the remainder when 11 is divided by 3/l*u*-12?
5
Let z = 33 - 12. Calculate the remainder when 60 is divided by z.
18
Let p = 1 + 3. Suppose 5*d - 45 = 40. Let j = 24 - d. Calculate the remainder when j is divided by p.
3
Let c(u) = -u**3 + u**2 - 1. Suppose 0 = 3*z - 3*d + 9, -6*z - d - 3 = -z. Calculate the remainder when 2 is divided by c(z).
0
Let g be 14/(-21) - 20/(-3). Let n = g - -5. Suppose 0 = b - 5 - 1. Calculate the remainder when n is divided by b.
5
Let n(d) = -d**2 + 7*d - 6. Let m be n(4). Calculate the remainder when 